{"id":27,"date":"2023-03-15T13:23:18","date_gmt":"2023-03-15T13:23:18","guid":{"rendered":"https:\/\/oephosphera.com\/?page_id=27"},"modified":"2023-04-27T20:29:27","modified_gmt":"2023-04-27T20:29:27","slug":"nos-membres","status":"publish","type":"page","link":"https:\/\/oephosphera.com\/index.php\/nos-membres\/","title":{"rendered":"Nos membres"},"content":{"rendered":"\n<div class=\"wp-block-group is-vertical is-layout-flex wp-container-core-group-is-layout-2 wp-block-group-is-layout-flex\">\n<div class=\"wp-block-group is-vertical is-layout-flex wp-container-core-group-is-layout-1 wp-block-group-is-layout-flex\">\n<p class=\"has-large-font-size\"><strong>Sol\u00e8ne Castets<\/strong><\/p>\n\n\n\n<figure class=\"wp-block-image size-medium\"><img loading=\"lazy\" decoding=\"async\" width=\"225\" height=\"300\" src=\"https:\/\/oephosphera.com\/wp-content\/uploads\/2023\/04\/portrait-225x300.jpg\" alt=\"\" class=\"wp-image-381\" srcset=\"https:\/\/oephosphera.com\/wp-content\/uploads\/2023\/04\/portrait-225x300.jpg 225w, https:\/\/oephosphera.com\/wp-content\/uploads\/2023\/04\/portrait.jpg 529w\" sizes=\"(max-width: 225px) 100vw, 225px\" \/><\/figure>\n\n\n\n<p class=\"has-medium-font-size\"><strong>Com\u00e9dienne, metteur en sc\u00e8ne<\/strong><\/p>\n<\/div>\n\n\n\n<p class=\"has-text-align-left\">La sc\u00e8ne est avant tout pour moi un espace de rencontre o\u00f9 chacun cherche, par l&rsquo;appr\u00e9hension du monde et de l&rsquo;autre, \u00e0 red\u00e9finir les d\u00e9terminismes individuels et collectifs.&nbsp;<\/p>\n\n\n\n<p class=\"has-text-align-left\">D\u00e8s l&rsquo;enfance, j&rsquo;ai eu la chance d&rsquo;aborder le jeu sous la direction d&rsquo;Akel Akian (Th\u00e9\u00e2tre de la Mer). J&rsquo;ai ensuite fait des \u00e9tudes litt\u00e9raires, et c&rsquo;est encore aujourd&rsquo;hui ce go\u00fbt pour les textes qui oriente souvent mon instinct cr\u00e9atif. J&rsquo;ai d&rsquo;ailleurs adapt\u00e9 des contes et roman pour la sc\u00e8ne (Maupassant, Les Mouflettes d&rsquo;Atropos de Chlo\u00e9 Delaume, le Chat Bott\u00e9&#8230;) .<\/p>\n\n\n\n<p class=\"has-text-align-left\">Je me suis form\u00e9e \u00e0 l&rsquo;interpr\u00e9tation et \u00e0 la mise en sc\u00e8ne aupr\u00e8s d&rsquo;Alain Simon dans la Compagnie d&rsquo;Entrainement, puis au Studio M\u00fcller \u00e0 Paris. Aimant transmettre, j&rsquo;ai dirig\u00e9 depuis 2010 des ateliers au sein de nombreuses associations, notamment ceux du Carr\u00e9 Rond et plus r\u00e9cemment ceux de la compagnie Evoh\u00e9.<\/p>\n\n\n\n<p class=\"has-text-align-left\">En tant que com\u00e9dienne j&rsquo;ai travaill\u00e9 sur des auteurs classiques \u00ab\u00a0revisit\u00e9s\u00a0\u00bb comme Feydeau et Moli\u00e8re, avec la cr\u00e9ation de Feu la m\u00e8re de Madame, du M\u00e9decin Volant et du M\u00e9decin malgr\u00e9 lui (compagnie le Mille-Feuille). J&rsquo;ai \u00e9galement interpr\u00e9t\u00e9 le r\u00f4le de C\u00e9lim\u00e8ne dans le Misanthrope cr\u00e9\u00e9 par le th\u00e9\u00e2tre du Carr\u00e9 Rond.&nbsp;<\/p>\n\n\n\n<p class=\"has-text-align-left\">Affectionnant particuli\u00e8rement les partitions plus modernes, j&rsquo;ai eu la chance de travailler sur des auteurs comme Genet, Camus, Beckett, Anouilh, Fassbinder, en cr\u00e9ant les r\u00f4les de Claire dans \u00ab\u00a0les Bonnes\u00a0\u00bb, Dora dans \u00ab\u00a0les Justes\u00a0\u00bb, Winnie dans \u00ab\u00a0Oh les Beaux Jours\u00a0\u00bb, Antigone dans la pi\u00e8ce \u00e9ponyme ou encore Karine dans \u00ab\u00a0Les Larmes am\u00e8res de Petra Von Kant\u00a0\u00bb.<\/p>\n\n\n\n<p class=\"has-text-align-left\">En 2019 je rejoins la production Cyrevla pour la cr\u00e9ation de \u00ab\u00a013 Novembre\u00a0\u00bb et des Fils d&rsquo;Antigone de Mich\u00e8le Benhaim, ainsi que la compagnie M\u00e9moire Vive pour laquelle j&rsquo;interpr\u00e8te B\u00e9atrice dans la pi\u00e8ce de Carole Fr\u00e9chette \u00ab\u00a0Jean et B\u00e9atrice\u00a0\u00bb.<\/p>\n\n\n\n<p class=\"has-text-align-left\">En 2021, j&rsquo;ai int\u00e9gr\u00e9 la Compagnie Evohe pour les cr\u00e9ations d&rsquo; \u00ab\u00a0Akanidi, fille de Lumi\u00e8re\u00a0\u00bb et \u00ab\u00a0Dans la for\u00eat de Saravane\u00a0\u00bb de Ma\u00eflys Castets, pi\u00e8ces fond\u00e9es sur une approche musicale du jeu et o\u00f9 se croisent la pratique du masque et de la marionnette.&nbsp;<\/p>\n\n\n\n<p class=\"has-text-align-left\">Enfin, en 2022, j&rsquo;ai accept\u00e9 de prendre en charge la direction artistique de la compagnie \u0152phosphera.<\/p>\n\n\n\n<p class=\"has-text-align-left\">Au sein de mes cr\u00e9ations, j&rsquo;aime particuli\u00e8rement interroger les ressorts de la folie, de la solitude et de la violence, les d\u00e9terminismes associ\u00e9s au pouvoir, questionner les ressorts de la cr\u00e9ation en elle-m\u00eame, et partir en qu\u00eate de ce qui, de l&rsquo;intimit\u00e9 du com\u00e9dien \u00e0 celle du spectateur, nous rassemble, par la beaut\u00e9 vibratoire de la justesse et de l&rsquo;\u00e9motion.<\/p>\n<\/div>\n\n\n\n<div class=\"wp-block-group is-vertical is-layout-flex wp-container-core-group-is-layout-3 wp-block-group-is-layout-flex\">\n<div style=\"height:100px\" aria-hidden=\"true\" class=\"wp-block-spacer\"><\/div>\n\n\n\n<p class=\"has-large-font-size\"><strong>Valentin Faraut<\/strong><\/p>\n\n\n\n<figure class=\"wp-block-image size-medium\"><img loading=\"lazy\" decoding=\"async\" width=\"225\" height=\"300\" src=\"https:\/\/oephosphera.com\/wp-content\/uploads\/2023\/03\/Valentin-Faraut-225x300.jpg\" alt=\"\" class=\"wp-image-84\" srcset=\"https:\/\/oephosphera.com\/wp-content\/uploads\/2023\/03\/Valentin-Faraut-225x300.jpg 225w, https:\/\/oephosphera.com\/wp-content\/uploads\/2023\/03\/Valentin-Faraut-768x1025.jpg 768w, https:\/\/oephosphera.com\/wp-content\/uploads\/2023\/03\/Valentin-Faraut-1151x1536.jpg 1151w, https:\/\/oephosphera.com\/wp-content\/uploads\/2023\/03\/Valentin-Faraut.jpg 1161w\" sizes=\"(max-width: 225px) 100vw, 225px\" \/><\/figure>\n\n\n\n<p class=\"has-medium-font-size\"><strong>Com\u00e9dien, metteur en sc\u00e8ne<\/strong><\/p>\n\n\n\n<p>Apr\u00e8s avoir suivi une formation au cours Florent, Valentin participe aux Festival d&rsquo;Avignon en tant que com\u00e9dien dans une r\u00e9\u00e9criture des Aventures d&rsquo;Alice au pays des merveilles de Lewis Carrol, Wonderland. Il suit une formation universitaire en th\u00e9\u00e2tre puis en cin\u00e9ma et rejoint finalement plusieurs troupes de th\u00e9\u00e2tre. On a pu le voir r\u00e9cemment dans Marcia Hesse de Fabrice Melquiot, La R\u00e9unification des deux Cor\u00e9es de Jo\u00ebl Pommerat ainsi que dans Le Ma\u00eetre et Marguerite adapt\u00e9 du roman de Mikha\u00efl Boulgakov.<\/p>\n<\/div>\n\n\n\n<div class=\"wp-block-group is-vertical is-layout-flex wp-container-core-group-is-layout-5 wp-block-group-is-layout-flex\">\n<div class=\"wp-block-group is-vertical is-layout-flex wp-container-core-group-is-layout-4 wp-block-group-is-layout-flex\">\n<div style=\"height:100px\" aria-hidden=\"true\" class=\"wp-block-spacer\"><\/div>\n\n\n\n<p class=\"has-large-font-size\"><strong>Alexis Pottier<\/strong><\/p>\n\n\n\n<figure class=\"wp-block-image size-medium\"><img loading=\"lazy\" decoding=\"async\" width=\"200\" height=\"300\" src=\"https:\/\/oephosphera.com\/wp-content\/uploads\/2023\/04\/Alexis-Pottier-portrait-6-200x300.jpg\" alt=\"\" class=\"wp-image-383\" title=\"Alexis Pottier\" srcset=\"https:\/\/oephosphera.com\/wp-content\/uploads\/2023\/04\/Alexis-Pottier-portrait-6-200x300.jpg 200w, https:\/\/oephosphera.com\/wp-content\/uploads\/2023\/04\/Alexis-Pottier-portrait-6-681x1024.jpg 681w, https:\/\/oephosphera.com\/wp-content\/uploads\/2023\/04\/Alexis-Pottier-portrait-6-768x1154.jpg 768w, https:\/\/oephosphera.com\/wp-content\/uploads\/2023\/04\/Alexis-Pottier-portrait-6-1022x1536.jpg 1022w, https:\/\/oephosphera.com\/wp-content\/uploads\/2023\/04\/Alexis-Pottier-portrait-6-1363x2048.jpg 1363w, https:\/\/oephosphera.com\/wp-content\/uploads\/2023\/04\/Alexis-Pottier-portrait-6.jpg 1627w\" sizes=\"(max-width: 200px) 100vw, 200px\" \/><\/figure>\n\n\n\n<p class=\"has-medium-font-size\"><strong>Com\u00e9dien<\/strong><\/p>\n<\/div>\n\n\n\n<p><\/p>\n\n\n\n<p>Il s&rsquo;est form\u00e9 aux techniques du com\u00e9dien avec \u00ab\u00a0Le Peuplier dans la temp\u00eate\u00a0\u00bb dirig\u00e9e par Laurent Ziveri dans les ann\u00e9es 90. <\/p>\n\n\n\n<p>Alexis Pottier \u00e9tait \u00e0 l&rsquo;affiche de \u00ab\u00a0Les Fils d&rsquo;Antigone\u00a0\u00bb de Mich\u00e8le Benha\u00efm lors du festival Off d&rsquo;Avignon 2022.<\/p>\n\n\n\n<p>Il \u00e9tait \u00e0 l&rsquo;affiche de deux spectacles lors du festival Off d&rsquo;Avignon 2021&nbsp;: \u00ab\u00a0Jean et B\u00e9atrice\u00a0\u00bb de Carole Fr\u00e9chette et \u00ab\u00a013 Novembre\u00a0\u00bb de Mich\u00e8le Benha\u00efm.<\/p>\n\n\n\n<p>Il reprend durant cette saison th\u00e9\u00e2trale son r\u00f4le de Joseph Garcin dans \u00ab\u00a0Huis Clos\u00a0\u00bb de Jean-Paul Sartre, de Boris Annenkov Dans \u00ab\u00a0Les Justes\u00a0\u00bb d&rsquo;Albert Camus, du Ma\u00eetre dans l&rsquo;adaptation du roman de Boulgakov \u00ab\u00a0Le Ma\u00eetre et Marguerite\u00a0\u00bb, ainsi que son r\u00f4le dans Antigone de Jean Anouilh (th\u00e9\u00e2tre du Carr\u00e9 Rond) et de Jean dans \u00ab\u00a0Jean et B\u00e9atrice\u00a0\u00bb de Carole Fr\u00e9chette.<\/p>\n\n\n\n<p>On l&rsquo;a vu auparavant sur les planches dans \u00ab\u00a0Comme s&rsquo;il en pleuvait\u00a0\u00bb, \u00ab\u00a0Le Pr\u00e9nom\u00a0\u00bb, \u00ab\u00a0Dona Juana\u00a0\u00bb, \u00ab\u00a0Antigone\u00a0\u00bb, \u00ab\u00a0Le M\u00e9decin malgr\u00e9 lui\u00a0\u00bb, \u00ab\u00a0Le dindon\u00a0\u00bb, \u00ab\u00a0Le repas des fauves\u00a0\u00bb.<\/p>\n<\/div>\n","protected":false},"excerpt":{"rendered":"<p>Sol\u00e8ne Castets Com\u00e9dienne, metteur en sc\u00e8ne La sc\u00e8ne est avant tout pour moi un espace de rencontre o\u00f9 chacun cherche, par l&rsquo;appr\u00e9hension du monde et de l&rsquo;autre, \u00e0 red\u00e9finir les d\u00e9terminismes individuels et collectifs.&nbsp; D\u00e8s l&rsquo;enfance, j&rsquo;ai eu la chance d&rsquo;aborder le jeu sous la direction d&rsquo;Akel Akian (Th\u00e9\u00e2tre de la Mer). J&rsquo;ai ensuite fait &hellip; <\/p>\n<p class=\"link-more\"><a href=\"https:\/\/oephosphera.com\/index.php\/nos-membres\/\" class=\"more-link\">Continuer la lecture<span class=\"screen-reader-text\"> de &laquo;&nbsp;Nos membres&nbsp;&raquo;<\/span><\/a><\/p>\n","protected":false},"author":1,"featured_media":0,"parent":0,"menu_order":0,"comment_status":"closed","ping_status":"closed","template":"","meta":{"footnotes":""},"class_list":["post-27","page","type-page","status-publish","hentry"],"_links":{"self":[{"href":"https:\/\/oephosphera.com\/index.php\/wp-json\/wp\/v2\/pages\/27"}],"collection":[{"href":"https:\/\/oephosphera.com\/index.php\/wp-json\/wp\/v2\/pages"}],"about":[{"href":"https:\/\/oephosphera.com\/index.php\/wp-json\/wp\/v2\/types\/page"}],"author":[{"embeddable":true,"href":"https:\/\/oephosphera.com\/index.php\/wp-json\/wp\/v2\/users\/1"}],"replies":[{"embeddable":true,"href":"https:\/\/oephosphera.com\/index.php\/wp-json\/wp\/v2\/comments?post=27"}],"version-history":[{"count":32,"href":"https:\/\/oephosphera.com\/index.php\/wp-json\/wp\/v2\/pages\/27\/revisions"}],"predecessor-version":[{"id":387,"href":"https:\/\/oephosphera.com\/index.php\/wp-json\/wp\/v2\/pages\/27\/revisions\/387"}],"wp:attachment":[{"href":"https:\/\/oephosphera.com\/index.php\/wp-json\/wp\/v2\/media?parent=27"}],"curies":[{"name":"wp","href":"https:\/\/api.w.org\/{rel}","templated":true}]}}