{"id":28,"date":"2023-03-15T13:23:18","date_gmt":"2023-03-15T13:23:18","guid":{"rendered":"https:\/\/oephosphera.com\/?page_id=28"},"modified":"2023-03-16T19:07:25","modified_gmt":"2023-03-16T19:07:25","slug":"notre-administration","status":"publish","type":"page","link":"https:\/\/oephosphera.com\/index.php\/notre-administration\/","title":{"rendered":"Notre administration"},"content":{"rendered":"\n<p>Eymeline Levesque, pr\u00e9sidente<\/p>\n\n\n\n<p>Tristan Tellier, tr\u00e9sorier<\/p>\n\n\n\n<p>Laure Courtes, secr\u00e9taire<\/p>\n","protected":false},"excerpt":{"rendered":"<p>Eymeline Levesque, pr\u00e9sidente Tristan Tellier, tr\u00e9sorier Laure Courtes, secr\u00e9taire<\/p>\n","protected":false},"author":1,"featured_media":0,"parent":0,"menu_order":0,"comment_status":"closed","ping_status":"closed","template":"","meta":{"footnotes":""},"class_list":["post-28","page","type-page","status-publish","hentry"],"_links":{"self":[{"href":"https:\/\/oephosphera.com\/index.php\/wp-json\/wp\/v2\/pages\/28"}],"collection":[{"href":"https:\/\/oephosphera.com\/index.php\/wp-json\/wp\/v2\/pages"}],"about":[{"href":"https:\/\/oephosphera.com\/index.php\/wp-json\/wp\/v2\/types\/page"}],"author":[{"embeddable":true,"href":"https:\/\/oephosphera.com\/index.php\/wp-json\/wp\/v2\/users\/1"}],"replies":[{"embeddable":true,"href":"https:\/\/oephosphera.com\/index.php\/wp-json\/wp\/v2\/comments?post=28"}],"version-history":[{"count":5,"href":"https:\/\/oephosphera.com\/index.php\/wp-json\/wp\/v2\/pages\/28\/revisions"}],"predecessor-version":[{"id":302,"href":"https:\/\/oephosphera.com\/index.php\/wp-json\/wp\/v2\/pages\/28\/revisions\/302"}],"wp:attachment":[{"href":"https:\/\/oephosphera.com\/index.php\/wp-json\/wp\/v2\/media?parent=28"}],"curies":[{"name":"wp","href":"https:\/\/api.w.org\/{rel}","templated":true}]}}